se 10 = 3*v + 2*v, o*u - 3*v = 14. What is the remainder when u is divided by 3?
1
Let u = -8314 - -9433. What is the remainder when u is divided by 373?
0
Let g(p) = 18*p**2 + 2*p - 4. What is the remainder when g(2) is divided by -3 - -4 - -23 - (-1 - 0)?
22
Suppose 5*s = u + 3350, s - 515*u + 512*u = 656. Calculate the remainder when s is divided by 324.
23
Let g(s) be the third derivative of 11*s**4/6 - 9*s**3 - 5*s**2 - 2*s. What is the remainder when g(8) is divided by 16?
10
Let w(r) = 3*r**3 + 68*r**2 + 30*r + 11. Let p be w(-22). Suppose -p*b + 321*b = 34. Calculate the remainder when 79 is divided by b.
11
Let h = -280 - -284. Suppose 5*o + 73 - 126 = -2*y, 73 = h*y - o. Calculate the remainder when 131 is divided by y.
17
Suppose 89*i = 88*i + 147. Suppose g = k - 69, -5*g - i = -31*k + 29*k. What is the remainder when 197 is divided by k?
65
Suppose -3*t - 300 = -x, -8*t = -2*x - 3*t + 599. What is the remainder when 33 is divided by (0 + 1)/(33/x)?
6
Suppose 4*l - 4*i = 48, 2*i + 0*i = -l + 3. Let r = 11 - l. Suppose 71 = 3*z + r. Calculate the remainder when 44 is divided by z.
21
Suppose 4*d - 280 = -d. Let c = -98 - -120. Let s(k) = 8*k - 156. Calculate the remainder when d is divided by s(c).
16
Let n = -1289 + 1393. Calculate the remainder when 510 is divided by n.
94
Let t be -61 - -276 - (-4)/(-3)*3. Let j = t + -209. What is the remainder when 11 is divided by j?
1
Suppose 5*k - 45 = -3*m, 5*m + 13 = -3*k + 40. Suppose 342 - 306 = k*a. Suppose 4*c - 16 = -0*c. Calculate the remainder when c is divided by a.
0
Suppose -14*y = -93 + 177. What is the remainder when 1347 is divided by (17 + y + 4)*(-42)/(-35)?
15
Let x(g) = -g**3 - 4*g**2 + 5*g - 1. Let y be x(-5). Calculate the remainder when 217 is divided by -1 + (-2)/(y*5/115).
37
Suppose -5*w + 11729 = -17361. Calculate the remainder when (-124)/1054 - 2/((-68)/w) is divided by 59.
53
Suppose 395 - 5895 = -55*b. Calculate the remainder when b is divided by 20.
0
Suppose -4*f = -269 + 61. Let l = f - 29. Calculate the remainder when (-6)/21 + 1240/28 is divided by l.
21
Calculate the remainder when 87 is divided by -5 + -7 + 11 - 4*(-9)/3.
10
Let t = 245 + -250. What is the remainder when (22 + 2)*4/6 is divided by 2 - t/((-10)/(-16))?
6
Suppose 202 = 5*l - 2*o, 4*o - 67 + 15 = -2*l. What is the remainder when l is divided by 16?
6
Let z = -262 - -266. Let y = 94 + -16. Calculate the remainder when y is divided by (-6)/(-4) - (-102)/z.
24
Suppose -118*v + 147*v - 6931 = 0. What is the remainder when v is divided by 114?
11
Let a = -4 + 6. Let g(s) = -s**2 + 4*s - 5. Let k be g(a). What is the remainder when 26 is divided by (1 - k)*(-90)/(-12)?
11
Let s = 25 + -21. Suppose 39 = o - s*g, -2*o = -5*o - g + 117. Calculate the remainder when o is divided by 25.
14
Suppose -2*v = -10*v + 752. Suppose 0 = -91*w + v*w - 45. What is the remainder when 55 is divided by w?
10
Suppose 5*t - 3342 = 443. Let m = t + -645. What is the remainder when m is divided by 32?
16
Calculate the remainder when (2 - -40*6) + (-456)/57 is divided by 16.
10
Suppose -2*z = 2*z - 7*h - 1146, z + 5*h - 273 = 0. What is the remainder when z is divided by 55?
8
Let l = -38 + 149. Let y = l - 103. Calculate the remainder when 94 is divided by y.
6
Suppose 2*q = 4*q - 32. Let o(c) = -3*c**2 + 106*c - 647. What is the remainder when q is divided by o(8)?
7
Suppose -16*k = -17*k + 2. Suppose 0 = -k*c - 2*n + 66, 16 = 2*n + 2*n. Calculate the remainder when 345 is divided by c.
26
Suppose -5*y - 3*x = -601, -9*y + x = -8*y - 117. Suppose 7*d = 413 + y. Calculate the remainder when 452 is divided by d.
72
Let z(t) = 46*t + 2966. Calculate the remainder when z(-13) is divided by 237.
235
Let d(z) = -z**3 - 16*z**2 + 163*z + 10. Let h(n) = -n**2 + 6*n + 7. Let o be h(7). Suppose -w + 7 + 4 = o. What is the remainder when d(7) is divided by w?
2
Suppose -3*b + 2*g + 12 = 0, -b + 2*g = b - 6. Let n = -22 - -86. Suppose n = 4*i + 44. Calculate the remainder when b is divided by i.
1
Let a be 2 - ((-8)/3 + 6/(-18)). Suppose 11*c - 53 = 9*c - 5*t, 3*c - 77 = -a*t. What is the remainder when 52 is divided by c?
4
Let d = -1149 - -804. Let m be (-8)/10*d/6. Let u = m + -38. Calculate the remainder when 29 is divided by u.
5
Suppose c - 25 = 5*k - 13, -5*c - 3*k = -116. Calculate the remainder when 328 is divided by c.
20
Let n be 4/2 - (-6 - 4/(-1)). Suppose z = -n*t + 79, -2*z + 63 = 3*t - 0*z. Calculate the remainder when 227 is divided by t.
18
Let l be ((-6)/2)/(-1) + 1. Suppose l*t = 69 + 83. Let h(y) = -y**3 - 69*y**2 + 111. What is the remainder when h(-69) is divided by t?
35
Suppose 0 = -22*z + 24*z + 30. Let s(v) = -v**3 - 5*v**2 + 8*v + 10. Let q be s(-7). Let h = z + q. What is the remainder when h is divided by 19?
18
Let p be 20/4 + (-3)/(0 - 3). Suppose p*d + 5*d = 275. Suppose 5*l + 2*j = 61, -l + 4*l = -4*j + 31. Calculate the remainder when d is divided by l.
12
Let z = 620 - 382. Suppose 176 + z = 5*s - 4*r, -2*s + 5*r = -152. What is the remainder when s is divided by 22?
20
Let k(y) = 38*y**2 - 8*y - 8. Let l(a) = -16*a - 1. Let b be l(0). What is the remainder when k(b) is divided by 14?
10
Suppose -3*x - 2*x + 15*x = 0. Suppose -m + 12 + 73 = x. Suppose 4*p = 0, -3*b = 2*b + p - m. What is the remainder when 47 is divided by b?
13
Let o(r) be the third derivative of -r**5/60 - r**4/3 - r**3/3 + 2*r**2. Let l(q) = 27*q - 250. What is the remainder when l(11) is divided by o(-6)?
7
Suppose -5*q + 57 = -4*q. Suppose -63*i = -1502 - 1396. Suppose 5*m = 5*s - i - 774, -5*s + 2*m = -832. Calculate the remainder when s is divided by q.
54
Calculate the remainder when 14 - (6 + -6) - -416 is divided by 139.
13
Calculate the remainder when 2820 is divided by (4/9)/((-58)/18 + 3)*-4.
4
Suppose -158*b + 69070 = -126534. Calculate the remainder when b is divided by 177.
176
Let b be 1 + 1 + (-2 - -8). Let g(w) = 37*w + 5 + 4*w**3 + 32*w - b*w**2 - 63*w. Calculate the remainder when g(5) is divided by 56.
55
Let r = -13 - -13. Suppose r = 14*v - 10*v. Suppose -q = -v - 52. What is the remainder when q is divided by 21?
10
Let h be (-37)/(-3) - 6/18. Suppose -454 = -h*b - 82. Let l = -39 - -56. Calculate the remainder when b is divided by l.
14
Suppose -18*b = -37*b + 685 + 227. Calculate the remainder when 945 is divided by b.
33
Suppose 11*m - 15*m = -24. Calculate the remainder when -4 + 10/(-15)*m + 89 is divided by 7.
4
Suppose 9*d - 12*d + 15 = 0. Suppose -3*f + 23 = 2*m, -2*m + 37 = d*f - 0*m. Suppose 3*l - f - 20 = 0. What is the remainder when 24 is divided by l?
6
What is the remainder when ((-164)/3)/(-10*9/135) is divided by 14?
12
Let d(n) = n**2 + 16*n. Let x be d(-16). Suppose x = -3*f - 8*f + 429. Calculate the remainder when f is divided by (2 + 1 + -2)*7.
4
Suppose -22 - 10 = -4*p, 0 = -2*w - 7*p + 518. What is the remainder when w is divided by 109?
13
Suppose 0 = -4*j + 5*u + 6, 3*j + u = -0 + 14. Let c(x) = x**3 - 9*x**2 + 43*x - 12. Calculate the remainder when c(j) is divided by 21.
17
Let n be 7/2 - (-1)/(-2). Suppose -n*j - 84 = -6*j. What is the remainder when j is divided by 10?
8
Let q(o) = o**2 + 43*o + 111. What is the remainder when 127 is divided by q(-43)?
16
Suppose -4*k + 367 = 5*o, k = 3*o + 59 + 3. What is the remainder when k is divided by 33?
17
Suppose -3*l + 40 = l. Suppose -4*x = -5*o - 14 - 38, 3*x - 40 = 4*o. Suppose x*z = l*z - 50. What is the remainder when 147 is divided by z?
22
Let r = 18 - 7. Suppose 26 = -y + 2*z, 0 = 5*y + 5*z + 17 + 68. Let j = y - -27. What is the remainder when r is divided by j?
4
Let q(v) = 2*v**2 + 870*v + 10286. What is the remainder when q(-12) is divided by 45 - (-3 + 1 - -2)?
44
Let i be ((-6)/3)/((-24)/(-516)). Let w = i + 162. What is the remainder when w is divided by 42?
35
Let w be (-102)/(-21) - 5/(-35). Suppose 5*q - j - 26 = 4*q, w*q - 3*j - 140 = 0. Calculate the remainder when 153 is divided by q.
29
Suppose -8*x = 10127 - 10535. What is the remainder when 1636 is divided by x?
4
Let m(q) = 17*q + 15. Let r(j) = -13*j - 77. Calculate the remainder when m(8) is divided by r(-7).
11
Suppose 0 = -20*i - 4541 + 23781. What is the remainder when i is divided by 319?
5
Let z = -1101 + 1289. What is the remainder when z is d